 of 5320?
0
What is the thousands digit of 2088?
2
What is the ten thousands digit of 18564?
1
What is the thousands digit of 7721?
7
What is the ten thousands digit of 57560?
5
What is the tens digit of 6503?
0
What is the thousands digit of 3065?
3
What is the thousands digit of 2465?
2
What is the units digit of 57?
7
What is the hundreds digit of 878?
8
What is the tens digit of 99958?
5
What is the hundreds digit of 157553?
5
What is the tens digit of 68131?
3
What is the units digit of 23?
3
What is the tens digit of 18680?
8
What is the units digit of 46755?
5
What is the tens digit of 1962?
6
What is the hundreds digit of 3338?
3
What is the thousands digit of 6705?
6
What is the units digit of 110109?
9
What is the hundreds digit of 11759?
7
What is the thousands digit of 110708?
0
What is the tens digit of 1517?
1
What is the thousands digit of 2131?
2
What is the tens digit of 585?
8
What is the thousands digit of 22418?
2
What is the tens digit of 11949?
4
What is the hundreds digit of 5240?
2
What is the units digit of 57655?
5
What is the thousands digit of 6284?
6
What is the thousands digit of 2283?
2
What is the thousands digit of 8461?
8
What is the units digit of 8721?
1
What is the hundreds digit of 309?
3
What is the tens digit of 452?
5
What is the hundreds digit of 66523?
5
What is the units digit of 11528?
8
What is the thousands digit of 1179?
1
What is the thousands digit of 101049?
1
What is the hundreds digit of 1309?
3
What is the tens digit of 33?
3
What is the units digit of 27160?
0
What is the units digit of 561?
1
What is the hundreds digit of 4531?
5
What is the tens digit of 172644?
4
What is the units digit of 1274?
4
What is the tens digit of 53754?
5
What is the ten thousands digit of 127699?
2
What is the thousands digit of 153057?
3
What is the hundreds digit of 137613?
6
What is the hundreds digit of 2876?
8
What is the thousands digit of 15844?
5
What is the thousands digit of 1960?
1
What is the thousands digit of 1444?
1
What is the units digit of 621?
1
What is the tens digit of 5805?
0
What is the tens digit of 659?
5
What is the units digit of 505?
5
What is the ten thousands digit of 45296?
4
What is the tens digit of 710?
1
What is the units digit of 878?
8
What is the hundreds digit of 62454?
4
What is the tens digit of 1640?
4
What is the ten thousands digit of 12040?
1
What is the tens digit of 1084?
8
What is the tens digit of 1925?
2
What is the tens digit of 20333?
3
What is the tens digit of 703?
0
What is the tens digit of 345?
4
What is the tens digit of 16540?
4
What is the hundreds digit of 13250?
2
What is the tens digit of 1998?
9
What is the hundreds digit of 867?
8
What is the hundreds digit of 116281?
2
What is the ten thousands digit of 10827?
1
What is the tens digit of 33375?
7
What is the ten thousands digit of 11493?
1
What is the units digit of 36382?
2
What is the hundreds digit of 22541?
5
What is the thousands digit of 23154?
3
What is the tens digit of 86282?
8
What is the hundreds digit of 934?
9
What is the hundreds digit of 666?
6
What is the hundreds digit of 3981?
9
What is the units digit of 7172?
2
What is the tens digit of 278?
7
What is the hundreds digit of 881?
8
What is the thousands digit of 3356?
3
What is the units digit of 7261?
1
What is the thousands digit of 126572?
6
What is the tens digit of 2550?
5
What is the hundreds digit of 61061?
0
What is the thousands digit of 49437?
9
What is the thousands digit of 1347?
1
What is the hundreds digit of 1623?
6
What is the hundreds digit of 9150?
1
What is the thousands digit of 4527?
4
What is the tens digit of 617?
1
What is the tens digit of 3560?
6
What is the tens digit of 880?
8
What is the thousands digit of 119983?
9
What is the tens digit of 45902?
0
What is the thousands digit of 69653?
9
What is the hundreds digit of 792?
7
What is the tens digit of 6512?
1
What is the tens digit of 24902?
0
What is the ten thousands digit of 12351?
1
What is the thousands digit of 30409?
0
What is the tens digit of 3564?
6
What is the tens digit of 346?
4
What is the units digit of 733?
3
What is the hundreds digit of 4409?
4
What is the tens digit of 65?
6
What is the thousands digit of 2252?
2
What is the units digit of 2021?
1
What is the tens digit of 20?
2
What is the units digit of 86461?
1
What is the units digit of 7248?
8
What is the tens digit of 211176?
7
What is the thousands digit of 1240?
1
What is the hundreds digit of 12196?
1
What is the tens digit of 2397?
9
What is the hundreds digit of 935?
9
What is the units digit of 165?
5
What is the ten thousands digit of 14348?
1
What is the ten thousands digit of 15362?
1
What is the thousands digit of 1022?
1
What is the hundreds digit of 21631?
6
What is the tens digit of 1998?
9
What is the thousands digit of 18555?
8
What is the tens digit of 17393?
9
What is the hundreds digit of 4369?
3
What is the hundreds digit of 23700?
7
What is the units digit of 14174?
4
What is the thousands digit of 9076?
9
What is the units digit of 51476?
6
What is the hundreds digit of 3591?
5
What is the hundred thousands digit of 193832?
1
What is the tens digit of 7597?
9
What is the hundreds digit of 14570?
5
What is the units digit of 657?
7
What is the thousands digit of 3424?
3
What is the hundreds digit of 3246?
2
What is the tens digit of 7080?
8
What is the units digit of 2501?
1
What is the ten thousands digit of 67585?
6
What is the tens digit of 4106?
0
What is the ten thousands digit of 44878?
4
What is the ten thousands digit of 67344?
6
What is the tens digit of 761?
6
What is the units digit of 4877?
7
What is the hundreds digit of 10016?
0
What is the tens digit of 3080?
8
What is the units digit of 75594?
4
What is the thousands digit of 90112?
0
What is the hundreds digit of 1594?
5
What is the hundreds digit of 2494?
4
What is the tens digit of 27157?
5
What is the hundreds digit of 2740?
7
What is the units digit of 700?
0
What is the hundreds digit of 14655?
6
What is the thousands digit of 60999?
0
What is the thousands digit of 2549?
2
What is the tens digit of 32249?
4
What is the units digit of 158?
8
What is the units digit of 877?
7
What is the units digit of 1724?
4
What is the tens digit of 6034?
3
What is the tens digit of 13143?
4
What is the hundreds digit of 43385?
3
What is the units digit of 80?
0
What is the ten thousands digit of 49177?
4
What is the tens digit of 2290?
9
What is the units digit of 46948?
8
What is the tens digit of 2096?
9
What is the ten thousands digit of 30190?
3
What is the hundreds digit of 646?
6
What is the units digit of 682?
2
What is the units digit of 1740?
0
What is the units digit of 313?
3
What is the tens digit of 72106?
0
What is the ten thousands digit of 112724?
1
What is the hundreds digit of 707?
7
What is the hundreds digit of 89383?
3
What is the hundreds digit of 6306?
3
What is the units digit of 40511?
1
What is the units digit of 14565?
5
What is the thousands digit of 101477?
1
What is the units digit of 87727?
7
What is the units digit of 438?
8
What is the units digit of 31645?
5
What is the thousands digit of 30268?
0
What is the hundreds digit of 7403?
4
What is the thousands digit of 1060?
1
What is the hundreds digit of 19961?
9
What is the hundreds digit of 1326?
3
What is the tens digit of 100374?
7
What is the tens digit of 4769?
6
What is the tens digit of 3479?
7
What is the hundreds digit of 399?
3
What is the hundreds digit of 4491?
4
What is the units digit of 61925?
5
What is the thousands digit of 60475?
0
What is the tens digit of 1362?
6
What is the hundreds digit of 43268?
2
What is the units digit of 18674?
4
What is the hundreds digit of 6648?
6
What is the hundreds digit of 7294?
2
What is the units digit of 809?
9
What is the thousands digit of 2293?
2
What is the units digit of 1775?
5
What is the units digit of 5325?
5
What is the hundreds digit of 63584?
5
What is the units digit of 508?
8
What is the thousands digit of 12659?
2
What is the hundreds digit of 17486?
4
What is the hundreds digit of 24235?
2
What is the hundreds digit of 206?
2
What is the tens digit of 120?
2
What is the thousands digit of 77162?
7
What is the tens digit of 169346?
4
What is